*2 - 283*w + 553*w - 286*w + 4*w**2 + 12. Give d(14).
-16
Let j(u) be the second derivative of u**5/40 - u**4/12 - 5*u**3/6 + 53*u. Let c(a) be the second derivative of j(a). Determine c(5).
13
Suppose -16 = -5*a + 3*x, -5*a - 4*x = -0*a - 37. Let c(w) = -95 + 196 - 99 + 9*w. Let n(o) = -13*o - 3. Let z(t) = -3*c(t) - 2*n(t). Give z(a).
-5
Suppose -x = -2*d - 2, 33 - 21 = 2*x. Let a(i) = -21*i - 2. Let n(j) = -11*j - 1. Let v(r) = 6*a(r) - 11*n(r). Calculate v(d).
-11
Let s(x) be the third derivative of x**5/60 + 29*x**4/24 - 23*x**3/2 + x**2 - 2509. Calculate s(-31).
-7
Let z(j) = -3*j**3 - 1519*j + 748*j + 54 + 2*j**3 - 22*j**2 + 772*j. What is z(-22)?
32
Let l(o) = 38*o - 3. Let b(g) = 2*g**2 - 9*g - 81. Let j be b(9). What is l(j)?
-3
Let o(y) be the third derivative of 19*y**4/12 + 101*y**3 - 11*y**2 - 7. Give o(-16).
-2
Let r(c) be the second derivative of c**5/20 + 7*c**4/12 + 5*c**3/3 + 4*c**2 + 1756*c. What is r(-6)?
-16
Let q(z) = -7*z**3 - 11*z + 5 + 8*z + 8*z**3 - 5*z**2. Suppose 82*w = 208 + 202. Calculate q(w).
-10
Let w(t) = 4*t + 5*t + 3*t**3 - 4*t - 23 - 2*t**3 - 17*t**2 + 24*t**2. Calculate w(-6).
-17
Suppose -585 + 805 = -44*v. Let f(i) = 3*i + 11. What is f(v)?
-4
Let b be (-20)/12 + (-62)/(-12). Let r(l) be the second derivative of 5/6*l**3 - 25*l + 0 + b*l**2. Give r(-5).
-18
Let f(k) = k**2 + 16*k - 20. Let q(a) = a**2 + 17*a - 28. Let l(u) = -4*f(u) + 3*q(u). Give l(-11).
18
Suppose 67 - 163 = -4*h + 3*g, 3*h - 5*g - 61 = 0. Let y = h + -24. Let v(b) = 4*b + 2*b + 0*b + 3 - y*b. Give v(-3).
-6
Let a(i) = -2*i**2 + 46*i - 30. Let w(q) = -5*q**2 + 113*q - 454. Let h be w(17). Calculate a(h).
14
Let c = -44 - -57. Let a = c + -16. Let n(d) = -4 - d - d - 2*d. Determine n(a).
8
Let n(q) be the second derivative of q**4/12 + 2*q**3/3 + 3*q**2/2 - 4*q. Let x be n(-4). Let u(o) = 2294 + 2291 - 4587 + o. Calculate u(x).
1
Let l(u) = u**2 - 38616 + 2*u + 77254 - 38626 - 6*u. Give l(4).
12
Let m(x) = -5*x - x + 5*x + 8*x**2. Let l(i) = -i**3 + 14*i**2 + 108*i - 248. Let z be l(19). What is m(z)?
9
Let c(r) = 2*r**3 - 5*r**2 - 19*r + 27. Let a be c(3). Let g(t) = -t**2 - 12*t + 156. Determine g(a).
-33
Suppose 231*f - 21 = 210*f. Let s(b) = -47*b**2 - b. Give s(f).
-48
Let n be -2*1*477/(-12)*-2. Let z = -162 - n. Let i(b) be the first derivative of 2*b**3/3 + 2*b**2 - b + 2. What is i(z)?
5
Let x(l) = 3*l**2 - 3*l - 31. Let i(q) = q**2 - q + 21 - 60 + 28. Let b(k) = 11*i(k) - 4*x(k). Suppose 4*r + 0 = -s - 23, 0 = 5*s - r + 10. Determine b(s).
-9
Let k = 255/19 + -746/57. Let s(f) be the first derivative of -14 + 4*f - k*f**3 - f**2. Determine s(-4).
-4
Let i(t) be the third derivative of t**4/2 - 115*t**3/2 + t**2 - 3*t + 136. Give i(28).
-9
Let s(r) = r**3 - 3*r**2 - 6*r - 4. Let d = 59 - 57. Suppose -3*n - 10 = 2*u - n, 0 = -d*n - 4. Let q be -5*(1 + 2)/u. Calculate s(q).
16
Let y be 24/(-15)*15/6 - -7. Let h = 24 - 16. Suppose -3*n - y*j = 2*n + h, 5*n = -5*j. Let x(c) = -c**2 - 4*c + 3. Determine x(n).
3
Let i(k) = 3*k**3 + k**2 - 5*k. Let j be (202 + -202)/((0 + 1/(-1))/(-1)). What is i(j)?
0
Suppose 4*o - 16 = 3*r, -4*r + 3*r = -4. Suppose 4*d = -2*g + 112, -2*d - g = -4*d + 52. Let c(w) = -d + 15 + o*w + 4*w - w**2. What is c(10)?
-2
Let k(c) be the first derivative of -c**4/4 - 7*c**3/3 + 4*c**2 + 6*c + 47. Let p(b) = -b + 4. Let i = 33 + -21. Let f be p(i). Give k(f).
6
Let l be 0 + (2/3)/((-12)/(-54)). Suppose l*a - 13 = -1. Let b(k) = -1 + 25*k**3 - 2*k + a*k - k - 28*k**3. Calculate b(1).
-3
Let a(u) = u**3 - 7*u**2 + 8*u - 7. Suppose 2*k - 6 = -0*k, -3*p = k - 84. Suppose -21 = -2*c + p. Let w be (-6)/60*-35*c/14. Determine a(w).
5
Let l(s) = 5*s + 3. Let r(t) = 6*t + 75. Let b(f) = 5*l(f) - r(f). Determine b(4).
16
Let b(j) = -4*j**3 - 12*j**2 - 2*j + 12. Let a(x) = x**3 + 2*x**2 - x - 2. Let z(w) = 3*a(w) + b(w). What is z(-5)?
6
Let v(p) = -p**3 + 3*p + 2. Let x be (-3 - (-2 + -1)) + 2. Let a be v(x). Let t(i) = -13 - 17 - i + 8 - i**3. Determine t(a).
-22
Let k be (2 - 33/9)/(17/(306/(-90))). Let j(w) be the second derivative of k*w**4 + w**2 + 1/20*w**5 + w + 0 - 1/6*w**3. What is j(-4)?
6
Let p(x) = 18*x - 634. Let b(r) = -r**3 + 112*r**2 - 640*r + 459. Let i be b(106). What is p(i)?
-4
Let n(o) = -81*o + 19. Let b(a) = -47*a + 19. Let s(l) = -3*b(l) + 2*n(l). Determine s(-1).
2
Let p(q) = -q**2 - 3*q + 1. Suppose 3*x = 3 + 21. Let d = x + 7. Suppose -5*v = 25 - d. Calculate p(v).
3
Suppose 4*i = 8*l - 4*l - 8, -10 = i + 3*l. Let b(k) = 42*k**2 - 89*k**2 - 2*k - 3 - 3*k + 0*k + 46*k**2. Give b(i).
1
Let p(j) = -5*j + 1. Suppose 13*z + 38 = 51. Suppose g + 5 = -3*u + 2, u - 2*g + z = 0. Give p(u).
6
Let x be -1*2/(0 - 2). Let o(r) = 1 + 396*r**2 + 400*r**2 - r + 399*r**2 - 1602*r**2 + 403*r**2 + 0*r. What is o(x)?
-4
Let k = -311 + 308. Let t be k + 11/(-44) + 3/(-4). Let r(p) = p**3 + 3*p**2 - 3*p - 6. Determine r(t).
-10
Let d(h) = -h**3 - 2*h**2 + 4. Suppose 3*u - 16 = -2*u + 3*v, -2*v + 11 = u. Let c be u + 0 + (-1 - 7). Determine d(c).
13
Let m(x) = -2*x**3 + 27*x**2 - 9*x - 49. Suppose -25*f + 104 + 221 = 0. Calculate m(f).
3
Let z(x) be the first derivative of -11*x**3/3 + 8*x**2 + 9*x + 1496. Calculate z(2).
-3
Let d(m) be the first derivative of m**7/840 - m**6/72 + m**5/40 - m**4/24 + m**3/3 - 9*m**2 + 129. Let j(c) be the third derivative of d(c). Give j(4).
-5
Suppose 0*p + 4*k - 4 = 4*p, -5*k - 1 = -2*p. Let n be (-2 - p)*(4 - 36/8). Let c(u) be the first derivative of u**2/2 - 5*u - 1. What is c(n)?
-5
Let v = 16869 - 16836. Let k(m) = 6*m - 189. What is k(v)?
9
Let b(u) = -8*u**2 + 2*u + 4. Let g be b(6). Let d = g - -280. Let k(h) = -3*h + 12. What is k(d)?
-12
Let a = 110 + -113. Let p(g) = 4*g**3 - 9*g**2 + 3*g. Let f(o) = 3*o**3 - 8*o**2 + 4*o - 1. Let k(h) = a*f(h) + 2*p(h). Give k(5).
-2
Let w = 143 - 122. Let g(n) = -n**3 + n**2 + 2. Let k(s) = -5*s**3 + 27*s**2 - 43*s + 32. Let i(p) = -4*g(p) + k(p). Calculate i(w).
3
Let k(z) = 3 + 1 + 0 + z + 8. Let g(n) = 2*n + 30. Let w(t) = 5*g(t) - 12*k(t). Let y be (6/(-4))/(18/(-96)). Calculate w(y).
-10
Let t = -662 + 792. Suppose 86 = 24*s - t. Let o(y) = -y**2 + 6*y - 10. Determine o(s).
-37
Let x(t) be the second derivative of t**5/60 + t**3/3 + 17*t**2 + 3*t + 8. Let d(u) be the first derivative of x(u). What is d(-3)?
11
Let z(o) = o**3 + 5*o**2 + 6*o + 6. Let d be z(-3). Let g(r) be the third derivative of -r**5/60 + r**4/4 - r**3/6 - 2648*r**2. Give g(d).
-1
Let g(f) = 71 + 14*f**2 - f**3 + 18036*f - 18040*f - 26*f**2. Give g(-11).
-6
Suppose 0 = 2*s, 8*d = 13*d - s + 105. Let o be (d/14)/(9/(-84)). Let q(a) = a**2 - 13*a - 11. Give q(o).
3
Let r(x) be the third derivative of -x**6/120 + 7*x**5/60 - 7*x**4/24 - 4*x**3/3 - 7*x**2 - 219*x. Suppose n = 5*n - 24. Calculate r(n).
-14
Let u(a) = -1 - a**2 + 0*a**2 + 3*a**2 - 4*a**2. Let q(k) = -5*k**2 - 3. Let w(d) = -3*q(d) + 8*u(d). Let v = -1 - -1. Determine w(v).
1
Let y(k) = 2 + 15 + 22*k - 16. Let f be 5/(-25)*4 - 8/40. Determine y(f).
-21
Suppose -3*v + 31 = 2*q, 2*v = -16*q + 21*q - 30. Let f(n) = -n**2 + 8*n + 10. Give f(q).
10
Let a(z) = z**2 - 2*z - 4. Suppose w = -k - 3, -3*w - w = 0. Let c(q) = q**2 + 17*q + 2. Let n be c(-17). Let u be 0/n - (7 + k). Determine a(u).
20
Let y(o) = -2*o**2 - 7*o - 3*o + 3*o**2 + 2. Suppose 0 = -42*l + 33*l + 36. Let r(m) = -3*m + 22. Let s be r(l). What is y(s)?
2
Let k = -253 + 259. Suppose -a - k = -3*z + 1, z + 19 = -a. Let x(u) = -2*u - 34. Calculate x(a).
-2
Let j(x) = -15*x**2 + 868*x - 869. Let w be j(1). Let g(z) = -z**3 - 14*z**2 + 22*z - 14. Calculate g(w).
146
Suppose 5*x + 16 = -3*q, -5*q + 2*x + 18 = -7. Let w(a) = -6 + 527*a**q + 14 + 2*a - 528*a**3 - a**2 - a. Give w(0).
8
Let n be 1/(-4)*(-1 + -13)*2. Suppose n*i - 15 = 27. Let c = i - 10. Let d(f) = -2*f - 6. What is d(c)?
2
Let l(w) = 2*w + 8. Let y(u) = -118*u - 6374. Let b be y(-54). Calculate l(b).
4
Let u(m) be the first derivative of m**5/120 - 7*m**4/24 - 73*m**3/3 + 150. Let d(w) be the third derivative of u(w). Determine d(-8).
-15
Suppose -73*f = -294 + 805. Let d(w) = w**2 - 10*w - 124. Calculate d(f).
-5
Let b(s) be the first derivative of -s**4/4 - s**3/3 - s**2 - 3*s + 3. Let j be 3/5 - (1734/15 - 0). Let z = j - -113. Calculate b(z).
5
Let t(s) be the first deriva